 when 18280891 is divided by 863.
825
What is the remainder when 206070148 is divided by 55?
53
What is the remainder when 4804383 is divided by 6424?
5655
Calculate the remainder when 123976 is divided by 41263.
187
What is the remainder when 14904517 is divided by 113?
43
What is the remainder when 74314 is divided by 1144?
1098
What is the remainder when 247187 is divided by 4412?
115
What is the remainder when 1762880 is divided by 293783?
182
What is the remainder when 1077072 is divided by 114?
0
Calculate the remainder when 3046878 is divided by 1523395.
88
Calculate the remainder when 6725457 is divided by 1129.
4
What is the remainder when 63982 is divided by 5330?
22
Calculate the remainder when 5045356 is divided by 20101.
5
Calculate the remainder when 872371 is divided by 3182.
503
Calculate the remainder when 412263723 is divided by 137421239.
6
What is the remainder when 44915376 is divided by 22457665?
46
What is the remainder when 590387 is divided by 1653?
266
What is the remainder when 1591761 is divided by 2868?
21
Calculate the remainder when 39104 is divided by 593.
559
Calculate the remainder when 143503 is divided by 20473.
192
What is the remainder when 5469484 is divided by 155?
154
Calculate the remainder when 12492576 is divided by 881.
877
Calculate the remainder when 626599 is divided by 10440.
199
What is the remainder when 3808871 is divided by 1904351?
169
Calculate the remainder when 2054064 is divided by 3783.
3678
Calculate the remainder when 1475212 is divided by 5877.
85
Calculate the remainder when 2143134 is divided by 2045.
2019
What is the remainder when 494128 is divided by 124?
112
Calculate the remainder when 10395075 is divided by 49.
19
What is the remainder when 584721936 is divided by 630768?
0
Calculate the remainder when 30059873 is divided by 715711.
11
What is the remainder when 617630 is divided by 123468?
290
What is the remainder when 1864589 is divided by 737?
716
What is the remainder when 3713182 is divided by 48?
46
Calculate the remainder when 13064758 is divided by 1090.
18
Calculate the remainder when 78740159 is divided by 960.
959
What is the remainder when 671151 is divided by 134223?
36
Calculate the remainder when 1205751 is divided by 281.
261
What is the remainder when 26588 is divided by 868?
548
What is the remainder when 2777630 is divided by 106831?
24
Calculate the remainder when 12466696 is divided by 4155563.
7
What is the remainder when 22098885 is divided by 1883?
1880
Calculate the remainder when 2949853 is divided by 176.
93
What is the remainder when 634746 is divided by 52858?
450
What is the remainder when 153095238 is divided by 409?
403
What is the remainder when 214239 is divided by 103409?
7421
What is the remainder when 10467890 is divided by 67?
11
Calculate the remainder when 217492 is divided by 36224.
148
Calculate the remainder when 959788 is divided by 5188.
8
What is the remainder when 13540429 is divided by 265498?
31
Calculate the remainder when 862945 is divided by 22.
17
What is the remainder when 5395123 is divided by 41822?
85
What is the remainder when 101842 is divided by 3047?
1291
Calculate the remainder when 115835 is divided by 11.
5
What is the remainder when 130734 is divided by 2049?
1647
What is the remainder when 1150722 is divided by 53?
39
What is the remainder when 105101512 is divided by 56?
40
What is the remainder when 13692964 is divided by 56?
12
Calculate the remainder when 821872 is divided by 279.
217
Calculate the remainder when 1633567 is divided by 95.
42
What is the remainder when 281519279 is divided by 1732?
1731
Calculate the remainder when 25738137 is divided by 293.
138
Calculate the remainder when 202734 is divided by 4123.
707
Calculate the remainder when 24271293 is divided by 193.
192
What is the remainder when 3506932 is divided by 111?
109
What is the remainder when 822218 is divided by 15575?
12318
Calculate the remainder when 59581 is divided by 534.
307
Calculate the remainder when 113453423 is divided by 841.
0
What is the remainder when 22259296 is divided by 22259187?
109
Calculate the remainder when 5565791 is divided by 18.
11
Calculate the remainder when 5286641 is divided by 2643320.
1
What is the remainder when 952992 is divided by 4495?
52
Calculate the remainder when 23370 is divided by 7689.
303
Calculate the remainder when 15102029 is divided by 19664.
77
What is the remainder when 10089305 is divided by 657?
413
What is the remainder when 101124 is divided by 6123?
3156
Calculate the remainder when 4303741 is divided by 33.
13
What is the remainder when 831722 is divided by 25?
22
Calculate the remainder when 4099907 is divided by 1260.
1127
What is the remainder when 2258373 is divided by 4221?
138
What is the remainder when 3281591 is divided by 64?
55
Calculate the remainder when 2421802 is divided by 580.
302
What is the remainder when 1416060 is divided by 1706?
80
What is the remainder when 402228 is divided by 18282?
24
Calculate the remainder when 1412399 is divided by 1570.
969
What is the remainder when 4297858 is divided by 238769?
16
What is the remainder when 8636396 is divided by 450?
446
Calculate the remainder when 1026723 is divided by 11160.
3
Calculate the remainder when 2192826 is divided by 548149.
230
Calculate the remainder when 9458 is divided by 7837.
1621
Calculate the remainder when 1088552 is divided by 1533.
122
Calculate the remainder when 100845 is divided by 2217.
1080
What is the remainder when 165523928 is divided by 2173?
2172
Calculate the remainder when 165388481 is divided by 29319.
2
What is the remainder when 33817 is divided by 4892?
4465
What is the remainder when 1885781 is divided by 1665?
1001
Calculate the remainder when 3728999 is divided by 2196.
191
What is the remainder when 1719966 is divided by 191070?
336
What is the remainder when 28205527 is divided by 12360?
7
What is the remainder when 57568 is divided by 6252?
1300
What is the remainder when 94037 is divided by 15202?
2825
What is the remainder when 2347292 is divided by 234702?
272
Calculate the remainder when 88993 is divided by 44348.
297
What is the remainder when 90015627 is divided by 22?
9
Calculate the remainder when 104881 is divided by 14934.
343
What is the remainder when 17195019 is divided by 234?
231
Calculate the remainder when 3047055 is divided by 818.
5
What is the remainder when 1265033 is divided by 15059?
77
What is the remainder when 358017 is divided by 197?
68
What is the remainder when 224942 is divided by 264?
14
What is the remainder when 1256353 is divided by 1256345?
8
What is the remainder when 751743 is divided by 3199?
3177
Calculate the remainder when 5625687 is divided by 22684.
55
Calculate the remainder when 49107 is divided by 3861.
2775
What is the remainder when 96540 is divided by 24095?
160
Calculate the remainder when 51825150 is divided by 2786.
2764
Calculate the remainder when 12195429 is divided by 18.
15
Calculate the remainder when 19610 is divided by 1349.
724
What is the remainder when 2267921 is divided by 812?
5
What is the remainder when 46909 is divided by 234?
109
What is the remainder when 179606 is divided by 29928?
38
What is the remainder when 228657 is divided by 44666?
5327
Calculate the remainder when 211775120 is divided by 814.
810
Calculate the remainder when 98661 is divided by 97900.
761
What is the remainder when 3956590 is divided by 2686?
112
What is the remainder when 42093859 is divided by 6183?
6178
Calculate the remainder when 1629526363 is divided by 4.
3
Calculate the remainder when 169815 is divided by 2830.
15
Calculate the remainder when 317785 is divided by 875.
160
What is the remainder when 16396331 is divided by 30?
11
What is the remainder when 175504171 is divided by 1073?
1072
What is the remainder when 8526592 is divided by 2131647?
4
What is the remainder when 402600 is divided by 201284?
32
What is the remainder when 87412371 is divided by 7?
4
What is the remainder when 2139053 is divided by 237670?
23
Calculate the remainder when 1023513 is divided by 204635.
338
Calculate the remainder when 2513275 is divided by 11321.
13
What is the remainder when 1106321 is divided by 3508?
1301
Calculat